on divisor of 490138 and 8822?
22
Calculate the highest common factor of 41299389 and 166.
83
What is the highest common divisor of 1079458550 and 50?
50
What is the greatest common factor of 53746734 and 122?
122
Calculate the highest common divisor of 3729920 and 14080.
1280
Calculate the greatest common divisor of 2289109 and 6649.
109
What is the greatest common factor of 2429544 and 22762?
1198
Calculate the greatest common factor of 2323370 and 2310.
70
What is the highest common divisor of 26884 and 13178?
22
What is the highest common divisor of 173310 and 19770?
30
Calculate the highest common factor of 1413 and 321051027.
471
What is the highest common factor of 157 and 15305773?
157
What is the highest common factor of 1561 and 84880267?
223
Calculate the highest common factor of 322 and 746557.
161
What is the highest common factor of 4350638 and 174?
58
What is the greatest common divisor of 189379290 and 285?
15
Calculate the highest common divisor of 9888 and 230940832.
3296
What is the highest common factor of 1092 and 39145236?
156
Calculate the greatest common divisor of 5532480 and 59760.
720
What is the highest common factor of 1098235221 and 12839?
12839
Calculate the highest common divisor of 3453877 and 126.
7
Calculate the greatest common divisor of 99777088 and 80.
16
Calculate the greatest common factor of 18564994 and 140.
14
What is the greatest common divisor of 11782 and 1278547294?
11782
Calculate the greatest common divisor of 2 and 25278856.
2
Calculate the greatest common factor of 52974133 and 4837.
691
Calculate the highest common factor of 12958795 and 145.
145
What is the greatest common divisor of 70987125 and 330?
165
Calculate the greatest common factor of 453 and 23367099.
453
Calculate the greatest common factor of 5078450 and 4115150.
8450
Calculate the greatest common factor of 80831199 and 222.
111
What is the highest common factor of 1173 and 40846482?
69
What is the highest common factor of 879 and 4019374?
293
What is the greatest common divisor of 2109779 and 532?
133
What is the highest common factor of 32230 and 92180?
110
Calculate the greatest common divisor of 169309378 and 1834.
1834
What is the greatest common factor of 12080308 and 72?
4
What is the greatest common factor of 8112009 and 102?
51
Calculate the greatest common factor of 1544757 and 1558.
779
Calculate the greatest common divisor of 13699 and 502208.
133
Calculate the greatest common factor of 97686 and 2426874.
402
Calculate the greatest common divisor of 532455 and 25949.
77
Calculate the highest common divisor of 497135 and 275.
5
Calculate the greatest common divisor of 500225 and 286110.
935
What is the greatest common factor of 1515406014 and 69?
69
Calculate the highest common divisor of 8883 and 592679682.
2961
What is the highest common factor of 28762020 and 315?
315
Calculate the greatest common factor of 1869 and 240503721.
267
What is the highest common factor of 1384381 and 58576?
523
Calculate the highest common factor of 260 and 2387450.
130
Calculate the greatest common factor of 89868 and 66.
6
Calculate the greatest common factor of 2707075 and 112375.
775
Calculate the highest common divisor of 459 and 6215115.
51
What is the greatest common factor of 369 and 140086179?
9
Calculate the highest common factor of 541324 and 252.
28
Calculate the highest common divisor of 21017529 and 91.
13
What is the highest common divisor of 56 and 29867054?
14
What is the highest common divisor of 43872582 and 86658?
7878
What is the greatest common factor of 12192 and 451776?
96
What is the highest common factor of 106198396 and 1084?
1084
What is the highest common divisor of 38911 and 4603381?
233
Calculate the greatest common factor of 89172 and 40756558.
4954
What is the greatest common divisor of 696483 and 110067?
57
What is the greatest common divisor of 207514 and 55304?
62
Calculate the greatest common factor of 25600 and 27775.
25
Calculate the highest common factor of 12070 and 3493271.
71
Calculate the highest common factor of 181278 and 9882.
162
What is the highest common divisor of 424305 and 4347?
189
Calculate the greatest common factor of 1312129542 and 6.
6
What is the greatest common divisor of 16653 and 8760759?
1281
Calculate the highest common factor of 56023 and 153365509.
5093
What is the greatest common factor of 185 and 794327?
1
What is the greatest common factor of 98047722 and 12?
6
What is the greatest common factor of 596471 and 992?
31
What is the greatest common divisor of 5538 and 2870387?
13
Calculate the highest common divisor of 75037357 and 438.
73
What is the greatest common factor of 10815318 and 18?
18
What is the highest common factor of 348 and 31804329?
87
Calculate the greatest common factor of 152119044 and 5796.
252
Calculate the greatest common divisor of 1110 and 12574302.
222
Calculate the greatest common factor of 7908 and 649092.
12
Calculate the greatest common divisor of 386 and 10717097.
193
What is the greatest common divisor of 38220 and 14106365?
3185
What is the greatest common factor of 670997426 and 418?
418
What is the highest common divisor of 6 and 11831448?
6
What is the greatest common factor of 46460 and 119887?
101
Calculate the greatest common divisor of 25011 and 6233297.
2779
What is the greatest common divisor of 21298849 and 33605?
6721
What is the greatest common divisor of 85498 and 3770186?
2758
What is the highest common factor of 90 and 156333735?
45
Calculate the highest common factor of 629176 and 1180.
236
Calculate the highest common divisor of 1596 and 32414532.
228
What is the greatest common factor of 51 and 418014?
3
Calculate the greatest common factor of 16861 and 1267169.
1297
Calculate the highest common factor of 56703 and 2310432.
123
Calculate the highest common factor of 1386 and 1634787.
693
Calculate the greatest common divisor of 1747278 and 1482.
1482
What is the highest common factor of 29519 and 3073?
7
What is the highest common factor of 8501866 and 2?
2
Calculate the highest common divisor of 2148156 and 22140.
36
Calculate the greatest common factor of 32525925 and 225.
75
Calculate the highest common factor of 712 and 3090614.
178
What is the greatest common factor of 121 and 209891?
11
Calculate the greatest common factor of 3248 and 6647728.
464
What is the greatest common divisor of 48852 and 201342?
138
Calculate the highest common divisor of 2712 and 75175736.
904
Calculate the greatest common divisor of 1838926 and 5432.
194
What is the highest common factor of 584 and 831689?
73
What is the highest common divisor of 6920204 and 2514?
838
What is the greatest common factor of 171451485 and 8376?
1047
Calculate the highest common divisor of 966 and 10986.
6
Calculate the greatest common divisor of 1534 and 1072976242.
1534
Calculate the highest common factor of 1 and 1743089.
1
Calculate the highest common divisor of 28726 and 370186.
542
What is the greatest common factor of 12822896 and 5712?
272
What is the greatest common divisor of 62404472 and 208?
104
Calculate the greatest common factor of 348762 and 76590.
222
Calculate the highest common divisor of 487784 and 2026024.
2024
What is the greatest common divisor of 676488 and 46008?
1704
Calculate the highest common divisor of 469 and 257483345.
469
What is the highest common divisor of 7659 and 111780?
207
What is the greatest common divisor of 20285280 and 2616?
24
Calculate the highest common factor of 29831149 and 164.
41
Calculate the greatest common divisor of 51213 and 9740395.
397
Calculate the highest common divisor of 86660 and 1030820.
140
Calculate the highest common factor of 1537741730 and 70.
70
Calculate the greatest common divisor of 695 and 645486115.
695
What is the highest common factor of 82989375 and 273?
21
Calculate the highest common divisor of 110726 and 14476.
154
What is the highest common divisor of 14376068 and 42?
14
What is the greatest common factor of 75 and 1399250?
25
What is the greatest common divisor of 600 and 33277575?
75
Calculate the greatest common factor of 465003 and 484.
121
What is the highest common factor of 3343518 and 891?
81
What is the highest common divisor of 27680 and 12804320?
160
What is the